{"id":4030,"date":"2024-07-02T10:42:36","date_gmt":"2024-07-02T08:42:36","guid":{"rendered":"https:\/\/www.cfg.edu.pl\/?page_id=4030"},"modified":"2024-11-25T11:20:31","modified_gmt":"2024-11-25T10:20:31","slug":"finansowanie","status":"publish","type":"page","link":"https:\/\/www.cfg.edu.pl\/eng\/finansowanie\/","title":{"rendered":"Financing"},"content":{"rendered":"<div data-elementor-type=\"wp-page\" data-elementor-id=\"4030\" class=\"elementor elementor-4030\" data-elementor-post-type=\"page\">\n\t\t\t\t<div class=\"elementor-element elementor-element-b6fdbb3 e-flex e-con-boxed e-con e-parent\" data-id=\"b6fdbb3\" data-element_type=\"container\" data-e-type=\"container\">\n\t\t\t\t\t<div class=\"e-con-inner\">\n\t\t\t\t<div class=\"elementor-element elementor-element-7a67d26 elementor-widget elementor-widget-image\" data-id=\"7a67d26\" data-element_type=\"widget\" data-e-type=\"widget\" data-widget_type=\"image.default\">\n\t\t\t\t\t\t\t\t\t\t\t\t\t\t\t<img decoding=\"async\" width=\"223\" height=\"80\" src=\"https:\/\/www.cfg.edu.pl\/wp-content\/uploads\/2024\/02\/Active-citizens-fund@4x-1.jpg\" class=\"attachment-large size-large wp-image-460\" alt=\"\" srcset=\"https:\/\/www.cfg.edu.pl\/wp-content\/uploads\/2024\/02\/Active-citizens-fund@4x-1.jpg 223w, https:\/\/www.cfg.edu.pl\/wp-content\/uploads\/2024\/02\/Active-citizens-fund@4x-1-18x6.jpg 18w\" sizes=\"(max-width: 223px) 100vw, 223px\" \/>\t\t\t\t\t\t\t\t\t\t\t\t\t\t\t<\/div>\n\t\t\t\t<div class=\"elementor-element elementor-element-c793478 elementor-widget-tablet__width-inherit elementor-widget elementor-widget-heading\" data-id=\"c793478\" data-element_type=\"widget\" data-e-type=\"widget\" data-widget_type=\"heading.default\">\n\t\t\t\t\t<h1 class=\"elementor-heading-title elementor-size-default\">Program Aktywni Obywatele<\/h1>\t\t\t\t<\/div>\n\t\t\t\t\t<\/div>\n\t\t\t\t<\/div>\n\t\t<div class=\"elementor-element elementor-element-f088d08 e-flex e-con-boxed e-con e-parent\" data-id=\"f088d08\" data-element_type=\"container\" data-e-type=\"container\">\n\t\t\t\t\t<div class=\"e-con-inner\">\n\t\t\t\t<div class=\"elementor-element elementor-element-7e04dc3 elementor-widget elementor-widget-text-editor\" data-id=\"7e04dc3\" data-element_type=\"widget\" data-e-type=\"widget\" data-widget_type=\"text-editor.default\">\n\t\t\t\t\t\t\t\t\t<div class=\"elementor-element elementor-element-e4e7375 de_scroll_animation_no elementor-widget elementor-widget-heading\" data-id=\"e4e7375\" data-element_type=\"widget\" data-widget_type=\"heading.default\"><div class=\"elementor-widget-container\"><h2 class=\"elementor-heading-title elementor-size-default\">Czym jest Program Aktywni Obywatele &#8211; Fundusz Regionalny?<\/h2><\/div><\/div><div class=\"elementor-element elementor-element-d864a1c de_scroll_animation_no elementor-widget elementor-widget-text-editor\" data-id=\"d864a1c\" data-element_type=\"widget\" data-widget_type=\"text-editor.default\"><div class=\"elementor-widget-container\"><p>Program Aktywni Obywatele \u2013 Fundusz Regionalny jest jednym z 15 aktualnie realizowanych w krajach UE program\u00f3w (pod wsp\u00f3ln\u0105 nazw\u0105\u00a0<a href=\"https:\/\/eeagrants.org\/topics-programmes\/culture-civil-society-good-governance-and-fundamental-rights-and-freedoms\/civil\" target=\"_blank\" rel=\"noopener\">Active Citizens Fund)<\/a>, kt\u00f3re, wspieraj\u0105c rozw\u00f3j spo\u0142ecze\u0144stwa obywatelskiego, odwo\u0142uj\u0105 si\u0119 do wsp\u00f3lnych warto\u015bci: poszanowania godno\u015bci ludzkiej, wolno\u015bci, demokracji, r\u00f3wno\u015bci, praworz\u0105dno\u015bci i poszanowania praw cz\u0142owieka, w tym praw os\u00f3b nale\u017c\u0105cych do mniejszo\u015bci.<\/p><\/div><\/div><div class=\"elementor-element elementor-element-bd89cb6 de_scroll_animation_no elementor-widget elementor-widget-heading\" data-id=\"bd89cb6\" data-element_type=\"widget\" data-widget_type=\"heading.default\"><div class=\"elementor-widget-container\"><h2 class=\"elementor-heading-title elementor-size-default\">Kto finansuje Program?<\/h2><\/div><\/div><div class=\"elementor-element elementor-element-527cf65 de_scroll_animation_no elementor-widget elementor-widget-text-editor\" data-id=\"527cf65\" data-element_type=\"widget\" data-widget_type=\"text-editor.default\"><div class=\"elementor-widget-container\"><p>Programy Aktywni Obywatele s\u0105 realizowane z bud\u017cetu Funduszy EOG i Funduszy Norweskich (<a href=\"https:\/\/eeagrants.org\/\" target=\"_blank\" rel=\"noopener\">Mechanizmu Finansowego Europejskiego Obszaru Gospodarczego i Norweskiego Mechanizmu Finansowego<\/a>) \u2013 pomocy finansowej ustanowionej przez Islandi\u0119, Norwegi\u0119 i Liechtenstein dla kraj\u00f3w Europy \u015arodkowej i Po\u0142udniowej. Ta forma wsparcia dla nowych kraj\u00f3w UE oraz Grecji i Portugalii pozwala Pa\u0144stwom-Darczy\u0144com na swobodne korzystanie z rynku wewn\u0119trznego UE, za\u015b Pa\u0144stwom-Beneficjentom na wzmocnienie i rozw\u00f3j r\u00f3\u017cnych obszar\u00f3w \u017cycia gospodarczego i spo\u0142ecznego (m.in. kultura, ochrona \u015brodowiska, zatrudnienie). Generalnie, cele Funduszy zmierzaj\u0105 do zmniejszania r\u00f3\u017cnic ekonomicznych i spo\u0142ecznych oraz wzmacniania stosunk\u00f3w dwustronnych mi\u0119dzy Pa\u0144stwami \u2013\u00a0Darczy\u0144cami a Pa\u0144stwami \u2013\u00a0Beneficjentami.<\/p><p>W Polsce Program Aktywni Obywatele \u2013 Fundusz Regionalny (Active Citizens Fund \u2013 Regional) jest jednym z 11 program\u00f3w prowadzonych\u00a0<a href=\"https:\/\/www.eog.gov.pl\/\" target=\"_blank\" rel=\"noopener\">z Funduszy EOG\u00a0i Funduszy Norweskich<\/a>. Wsparcie na rzecz spo\u0142ecze\u0144stwa obywatelskiego realizowane jest r\u00f3wnie\u017c przez siostrzany Program Aktywni Obywatele \u2013 Fundusz Krajowy.<\/p><p>Operatorem\u00a0<a href=\"https:\/\/aktywniobywatele.org.pl\/\" target=\"_blank\" rel=\"noopener\">Funduszu Krajowego<\/a>\u00a0jest konsorcjum z\u0142o\u017cone z trzech organizacji:\u00a0<a href=\"https:\/\/www.batory.org.pl\/\" target=\"_blank\" rel=\"noopener\">Fundacji im. Stefana Batorego<\/a>\u00a0(lidera),\u00a0<a href=\"https:\/\/stocznia.org.pl\/\" target=\"_blank\" rel=\"noopener\">Fundacji Pracownia Bada\u0144 i Innowacji Spo\u0142ecznych \u201eStocznia\u201d<\/a>\u00a0oraz\u00a0<a href=\"https:\/\/faoo.pl\/\" target=\"_blank\" rel=\"noopener\">Fundacji Akademia Organizacji Obywatelskich<\/a>.<\/p><\/div><\/div>\t\t\t\t\t\t\t\t<\/div>\n\t\t\t\t\t<\/div>\n\t\t\t\t<\/div>\n\t\t\t\t<\/div>","protected":false},"excerpt":{"rendered":"<p>Program Aktywni Obywatele Czym jest Program Aktywni Obywatele &#8211; Fundusz Regionalny? Program Aktywni Obywatele \u2013 Fundusz Regionalny jest jednym z 15 aktualnie realizowanych w krajach UE program\u00f3w (pod wsp\u00f3ln\u0105 nazw\u0105\u00a0Active Citizens Fund), kt\u00f3re, wspieraj\u0105c rozw\u00f3j spo\u0142ecze\u0144stwa obywatelskiego, odwo\u0142uj\u0105 si\u0119 do wsp\u00f3lnych warto\u015bci: poszanowania godno\u015bci ludzkiej, wolno\u015bci, demokracji, r\u00f3wno\u015bci, praworz\u0105dno\u015bci i poszanowania praw cz\u0142owieka, w tym [&hellip;]<\/p>\n","protected":false},"author":5,"featured_media":0,"parent":0,"menu_order":0,"comment_status":"closed","ping_status":"closed","template":"","meta":{"_acf_changed":false,"footnotes":""},"class_list":["post-4030","page","type-page","status-publish","hentry"],"acf":[],"yoast_head":"<!-- This site is optimized with the Yoast SEO Premium plugin v23.4 (Yoast SEO v27.4) - https:\/\/yoast.com\/product\/yoast-seo-premium-wordpress\/ -->\n<title>Finansowanie - Code for Green<\/title>\n<meta name=\"robots\" content=\"index, follow, max-snippet:-1, max-image-preview:large, max-video-preview:-1\" \/>\n<link rel=\"canonical\" href=\"https:\/\/www.cfg.edu.pl\/eng\/finansowanie\/\" \/>\n<meta property=\"og:locale\" content=\"en_GB\" \/>\n<meta property=\"og:type\" content=\"article\" \/>\n<meta property=\"og:title\" content=\"Finansowanie\" \/>\n<meta property=\"og:description\" content=\"Program Aktywni Obywatele Czym jest Program Aktywni Obywatele &#8211; Fundusz Regionalny? Program Aktywni Obywatele \u2013 Fundusz Regionalny jest jednym z 15 aktualnie realizowanych w krajach UE program\u00f3w (pod wsp\u00f3ln\u0105 nazw\u0105\u00a0Active Citizens Fund), kt\u00f3re, wspieraj\u0105c rozw\u00f3j spo\u0142ecze\u0144stwa obywatelskiego, odwo\u0142uj\u0105 si\u0119 do wsp\u00f3lnych warto\u015bci: poszanowania godno\u015bci ludzkiej, wolno\u015bci, demokracji, r\u00f3wno\u015bci, praworz\u0105dno\u015bci i poszanowania praw cz\u0142owieka, w tym [&hellip;]\" \/>\n<meta property=\"og:url\" content=\"https:\/\/www.cfg.edu.pl\/eng\/finansowanie\/\" \/>\n<meta property=\"og:site_name\" content=\"Code for Green\" \/>\n<meta property=\"article:publisher\" content=\"https:\/\/www.facebook.com\/FundacjaForumInicjatywSpolecznych\/\" \/>\n<meta property=\"article:modified_time\" content=\"2024-11-25T10:20:31+00:00\" \/>\n<meta property=\"og:image\" content=\"https:\/\/www.cfg.edu.pl\/wp-content\/uploads\/2024\/02\/Active-citizens-fund@4x-1.jpg\" \/>\n\t<meta property=\"og:image:width\" content=\"223\" \/>\n\t<meta property=\"og:image:height\" content=\"80\" \/>\n\t<meta property=\"og:image:type\" content=\"image\/jpeg\" \/>\n<meta name=\"twitter:card\" content=\"summary_large_image\" \/>\n<meta name=\"twitter:label1\" content=\"Est. reading time\" \/>\n\t<meta name=\"twitter:data1\" content=\"3 minutes\" \/>\n<script type=\"application\/ld+json\" class=\"yoast-schema-graph\">{\"@context\":\"https:\\\/\\\/schema.org\",\"@graph\":[{\"@type\":\"WebPage\",\"@id\":\"https:\\\/\\\/www.cfg.edu.pl\\\/finansowanie\\\/\",\"url\":\"https:\\\/\\\/www.cfg.edu.pl\\\/finansowanie\\\/\",\"name\":\"Finansowanie - Code for Green\",\"isPartOf\":{\"@id\":\"https:\\\/\\\/www.cfg.edu.pl\\\/#website\"},\"primaryImageOfPage\":{\"@id\":\"https:\\\/\\\/www.cfg.edu.pl\\\/finansowanie\\\/#primaryimage\"},\"image\":{\"@id\":\"https:\\\/\\\/www.cfg.edu.pl\\\/finansowanie\\\/#primaryimage\"},\"thumbnailUrl\":\"https:\\\/\\\/www.cfg.edu.pl\\\/wp-content\\\/uploads\\\/2024\\\/02\\\/Active-citizens-fund@4x-1.jpg\",\"datePublished\":\"2024-07-02T08:42:36+00:00\",\"dateModified\":\"2024-11-25T10:20:31+00:00\",\"breadcrumb\":{\"@id\":\"https:\\\/\\\/www.cfg.edu.pl\\\/finansowanie\\\/#breadcrumb\"},\"inLanguage\":\"en-GB\",\"potentialAction\":[{\"@type\":\"ReadAction\",\"target\":[\"https:\\\/\\\/www.cfg.edu.pl\\\/finansowanie\\\/\"]}]},{\"@type\":\"ImageObject\",\"inLanguage\":\"en-GB\",\"@id\":\"https:\\\/\\\/www.cfg.edu.pl\\\/finansowanie\\\/#primaryimage\",\"url\":\"https:\\\/\\\/www.cfg.edu.pl\\\/wp-content\\\/uploads\\\/2024\\\/02\\\/Active-citizens-fund@4x-1.jpg\",\"contentUrl\":\"https:\\\/\\\/www.cfg.edu.pl\\\/wp-content\\\/uploads\\\/2024\\\/02\\\/Active-citizens-fund@4x-1.jpg\"},{\"@type\":\"BreadcrumbList\",\"@id\":\"https:\\\/\\\/www.cfg.edu.pl\\\/finansowanie\\\/#breadcrumb\",\"itemListElement\":[{\"@type\":\"ListItem\",\"position\":1,\"name\":\"Home\",\"item\":\"https:\\\/\\\/www.cfg.edu.pl\\\/\"},{\"@type\":\"ListItem\",\"position\":2,\"name\":\"Finansowanie\"}]},{\"@type\":\"WebSite\",\"@id\":\"https:\\\/\\\/www.cfg.edu.pl\\\/#website\",\"url\":\"https:\\\/\\\/www.cfg.edu.pl\\\/\",\"name\":\"Fundacja Code for Green\",\"description\":\"Edukacja, \u015arodowisko, Sprawczo\u015b\u0107, Technologia\",\"publisher\":{\"@id\":\"https:\\\/\\\/www.cfg.edu.pl\\\/#organization\"},\"alternateName\":\"Code for Green\",\"potentialAction\":[{\"@type\":\"SearchAction\",\"target\":{\"@type\":\"EntryPoint\",\"urlTemplate\":\"https:\\\/\\\/www.cfg.edu.pl\\\/?s={search_term_string}\"},\"query-input\":{\"@type\":\"PropertyValueSpecification\",\"valueRequired\":true,\"valueName\":\"search_term_string\"}}],\"inLanguage\":\"en-GB\"},{\"@type\":\"Organization\",\"@id\":\"https:\\\/\\\/www.cfg.edu.pl\\\/#organization\",\"name\":\"Code for Green\",\"alternateName\":\"Fundacja Forum Inicjatyw Spo\u0142ecznych\",\"url\":\"https:\\\/\\\/www.cfg.edu.pl\\\/\",\"logo\":{\"@type\":\"ImageObject\",\"inLanguage\":\"en-GB\",\"@id\":\"https:\\\/\\\/www.cfg.edu.pl\\\/#\\\/schema\\\/logo\\\/image\\\/\",\"url\":\"https:\\\/\\\/www.cfg.edu.pl\\\/wp-content\\\/uploads\\\/2024\\\/02\\\/FUNDACJA_Code_for_Green_logo.svg\",\"contentUrl\":\"https:\\\/\\\/www.cfg.edu.pl\\\/wp-content\\\/uploads\\\/2024\\\/02\\\/FUNDACJA_Code_for_Green_logo.svg\",\"width\":236,\"height\":111,\"caption\":\"Code for Green\"},\"image\":{\"@id\":\"https:\\\/\\\/www.cfg.edu.pl\\\/#\\\/schema\\\/logo\\\/image\\\/\"},\"sameAs\":[\"https:\\\/\\\/www.facebook.com\\\/FundacjaForumInicjatywSpolecznych\\\/\",\"https:\\\/\\\/www.youtube.com\\\/@fundacjaforuminicjatywspoe6910\\\/featured\"],\"description\":\"Jeste\u015bmy polsk\u0105 organizacj\u0105 non-profit, kt\u00f3ra od 2018 roku aktywnie wprowadza sprawcza edukacj\u0119 \u015brodowiskow\u0105 do szk\u00f3\u0142, by m\u0142odzi potrafili rozwi\u0105zywa\u0107 lokalne problemy wykorzystuj\u0105c technologie cyfrowe. Kszta\u0142cimy nauczycieli \u2013 przekszta\u0142camy szko\u0142\u0119 w centrum edukacji \u015brodowiskowej.\",\"email\":\"biuro@ffis.edu.pl\",\"legalName\":\"Fundacja Forum Inicjatyw Spo\u0142ecznych\",\"vatID\":\"PL8442359966\",\"taxID\":\"8442359966\"}]}<\/script>\n<!-- \/ Yoast SEO Premium plugin. -->","yoast_head_json":{"title":"Finansowanie - Code for Green","robots":{"index":"index","follow":"follow","max-snippet":"max-snippet:-1","max-image-preview":"max-image-preview:large","max-video-preview":"max-video-preview:-1"},"canonical":"https:\/\/www.cfg.edu.pl\/eng\/finansowanie\/","og_locale":"en_GB","og_type":"article","og_title":"Finansowanie","og_description":"Program Aktywni Obywatele Czym jest Program Aktywni Obywatele &#8211; Fundusz Regionalny? Program Aktywni Obywatele \u2013 Fundusz Regionalny jest jednym z 15 aktualnie realizowanych w krajach UE program\u00f3w (pod wsp\u00f3ln\u0105 nazw\u0105\u00a0Active Citizens Fund), kt\u00f3re, wspieraj\u0105c rozw\u00f3j spo\u0142ecze\u0144stwa obywatelskiego, odwo\u0142uj\u0105 si\u0119 do wsp\u00f3lnych warto\u015bci: poszanowania godno\u015bci ludzkiej, wolno\u015bci, demokracji, r\u00f3wno\u015bci, praworz\u0105dno\u015bci i poszanowania praw cz\u0142owieka, w tym [&hellip;]","og_url":"https:\/\/www.cfg.edu.pl\/eng\/finansowanie\/","og_site_name":"Code for Green","article_publisher":"https:\/\/www.facebook.com\/FundacjaForumInicjatywSpolecznych\/","article_modified_time":"2024-11-25T10:20:31+00:00","og_image":[{"width":223,"height":80,"url":"https:\/\/www.cfg.edu.pl\/wp-content\/uploads\/2024\/02\/Active-citizens-fund@4x-1.jpg","type":"image\/jpeg"}],"twitter_card":"summary_large_image","twitter_misc":{"Est. reading time":"3 minutes"},"schema":{"@context":"https:\/\/schema.org","@graph":[{"@type":"WebPage","@id":"https:\/\/www.cfg.edu.pl\/finansowanie\/","url":"https:\/\/www.cfg.edu.pl\/finansowanie\/","name":"Finansowanie - Code for Green","isPartOf":{"@id":"https:\/\/www.cfg.edu.pl\/#website"},"primaryImageOfPage":{"@id":"https:\/\/www.cfg.edu.pl\/finansowanie\/#primaryimage"},"image":{"@id":"https:\/\/www.cfg.edu.pl\/finansowanie\/#primaryimage"},"thumbnailUrl":"https:\/\/www.cfg.edu.pl\/wp-content\/uploads\/2024\/02\/Active-citizens-fund@4x-1.jpg","datePublished":"2024-07-02T08:42:36+00:00","dateModified":"2024-11-25T10:20:31+00:00","breadcrumb":{"@id":"https:\/\/www.cfg.edu.pl\/finansowanie\/#breadcrumb"},"inLanguage":"en-GB","potentialAction":[{"@type":"ReadAction","target":["https:\/\/www.cfg.edu.pl\/finansowanie\/"]}]},{"@type":"ImageObject","inLanguage":"en-GB","@id":"https:\/\/www.cfg.edu.pl\/finansowanie\/#primaryimage","url":"https:\/\/www.cfg.edu.pl\/wp-content\/uploads\/2024\/02\/Active-citizens-fund@4x-1.jpg","contentUrl":"https:\/\/www.cfg.edu.pl\/wp-content\/uploads\/2024\/02\/Active-citizens-fund@4x-1.jpg"},{"@type":"BreadcrumbList","@id":"https:\/\/www.cfg.edu.pl\/finansowanie\/#breadcrumb","itemListElement":[{"@type":"ListItem","position":1,"name":"Home","item":"https:\/\/www.cfg.edu.pl\/"},{"@type":"ListItem","position":2,"name":"Finansowanie"}]},{"@type":"WebSite","@id":"https:\/\/www.cfg.edu.pl\/#website","url":"https:\/\/www.cfg.edu.pl\/","name":"Code for Green Foundation","description":"Edukacja, \u015arodowisko, Sprawczo\u015b\u0107, Technologia","publisher":{"@id":"https:\/\/www.cfg.edu.pl\/#organization"},"alternateName":"Code for Green","potentialAction":[{"@type":"SearchAction","target":{"@type":"EntryPoint","urlTemplate":"https:\/\/www.cfg.edu.pl\/?s={search_term_string}"},"query-input":{"@type":"PropertyValueSpecification","valueRequired":true,"valueName":"search_term_string"}}],"inLanguage":"en-GB"},{"@type":"Organization","@id":"https:\/\/www.cfg.edu.pl\/#organization","name":"Code for Green","alternateName":"Fundacja Forum Inicjatyw Spo\u0142ecznych","url":"https:\/\/www.cfg.edu.pl\/","logo":{"@type":"ImageObject","inLanguage":"en-GB","@id":"https:\/\/www.cfg.edu.pl\/#\/schema\/logo\/image\/","url":"https:\/\/www.cfg.edu.pl\/wp-content\/uploads\/2024\/02\/FUNDACJA_Code_for_Green_logo.svg","contentUrl":"https:\/\/www.cfg.edu.pl\/wp-content\/uploads\/2024\/02\/FUNDACJA_Code_for_Green_logo.svg","width":236,"height":111,"caption":"Code for Green"},"image":{"@id":"https:\/\/www.cfg.edu.pl\/#\/schema\/logo\/image\/"},"sameAs":["https:\/\/www.facebook.com\/FundacjaForumInicjatywSpolecznych\/","https:\/\/www.youtube.com\/@fundacjaforuminicjatywspoe6910\/featured"],"description":"Jeste\u015bmy polsk\u0105 organizacj\u0105 non-profit, kt\u00f3ra od 2018 roku aktywnie wprowadza sprawcza edukacj\u0119 \u015brodowiskow\u0105 do szk\u00f3\u0142, by m\u0142odzi potrafili rozwi\u0105zywa\u0107 lokalne problemy wykorzystuj\u0105c technologie cyfrowe. Kszta\u0142cimy nauczycieli \u2013 przekszta\u0142camy szko\u0142\u0119 w centrum edukacji \u015brodowiskowej.","email":"biuro@ffis.edu.pl","legalName":"Fundacja Forum Inicjatyw Spo\u0142ecznych","vatID":"PL8442359966","taxID":"8442359966"}]}},"_links":{"self":[{"href":"https:\/\/www.cfg.edu.pl\/eng\/wp-json\/wp\/v2\/pages\/4030","targetHints":{"allow":["GET"]}}],"collection":[{"href":"https:\/\/www.cfg.edu.pl\/eng\/wp-json\/wp\/v2\/pages"}],"about":[{"href":"https:\/\/www.cfg.edu.pl\/eng\/wp-json\/wp\/v2\/types\/page"}],"author":[{"embeddable":true,"href":"https:\/\/www.cfg.edu.pl\/eng\/wp-json\/wp\/v2\/users\/5"}],"replies":[{"embeddable":true,"href":"https:\/\/www.cfg.edu.pl\/eng\/wp-json\/wp\/v2\/comments?post=4030"}],"version-history":[{"count":3,"href":"https:\/\/www.cfg.edu.pl\/eng\/wp-json\/wp\/v2\/pages\/4030\/revisions"}],"predecessor-version":[{"id":6099,"href":"https:\/\/www.cfg.edu.pl\/eng\/wp-json\/wp\/v2\/pages\/4030\/revisions\/6099"}],"wp:attachment":[{"href":"https:\/\/www.cfg.edu.pl\/eng\/wp-json\/wp\/v2\/media?parent=4030"}],"curies":[{"name":"wp","href":"https:\/\/api.w.org\/{rel}","templated":true}]}}